s divided by 33.
29
Calculate the remainder when 2919 is divided by 11.
4
What is the remainder when 2117 is divided by 4?
1
What is the remainder when 1296 is divided by 118?
116
What is the remainder when 64 is divided by 3?
1
Calculate the remainder when 19 is divided by 10.
9
Calculate the remainder when 265 is divided by 27.
22
What is the remainder when 3767 is divided by 26?
23
Calculate the remainder when 698 is divided by 138.
8
What is the remainder when 1472 is divided by 61?
8
What is the remainder when 181 is divided by 43?
9
What is the remainder when 1111 is divided by 33?
22
Calculate the remainder when 370 is divided by 53.
52
Calculate the remainder when 6751 is divided by 18.
1
What is the remainder when 35 is divided by 29?
6
What is the remainder when 165 is divided by 50?
15
Calculate the remainder when 943 is divided by 232.
15
Calculate the remainder when 1451 is divided by 66.
65
Calculate the remainder when 511 is divided by 40.
31
What is the remainder when 2751 is divided by 38?
15
Calculate the remainder when 6446 is divided by 15.
11
What is the remainder when 577 is divided by 17?
16
Calculate the remainder when 270 is divided by 91.
88
Calculate the remainder when 9877 is divided by 65.
62
What is the remainder when 153 is divided by 113?
40
What is the remainder when 1886 is divided by 15?
11
Calculate the remainder when 217 is divided by 70.
7
Calculate the remainder when 30 is divided by 14.
2
What is the remainder when 196 is divided by 64?
4
Calculate the remainder when 260 is divided by 101.
58
What is the remainder when 698 is divided by 47?
40
What is the remainder when 2195 is divided by 36?
35
Calculate the remainder when 90 is divided by 22.
2
What is the remainder when 1714 is divided by 33?
31
What is the remainder when 182 is divided by 46?
44
Calculate the remainder when 8764 is divided by 1095.
4
Calculate the remainder when 260 is divided by 66.
62
Calculate the remainder when 8614 is divided by 24.
22
What is the remainder when 485 is divided by 119?
9
Calculate the remainder when 366 is divided by 111.
33
What is the remainder when 1107 is divided by 549?
9
Calculate the remainder when 537 is divided by 3.
0
Calculate the remainder when 855 is divided by 49.
22
Calculate the remainder when 2574 is divided by 112.
110
Calculate the remainder when 5097 is divided by 12.
9
Calculate the remainder when 306 is divided by 102.
0
Calculate the remainder when 164 is divided by 19.
12
Calculate the remainder when 493 is divided by 121.
9
What is the remainder when 115 is divided by 16?
3
Calculate the remainder when 33292 is divided by 169.
168
Calculate the remainder when 229 is divided by 47.
41
Calculate the remainder when 158 is divided by 108.
50
Calculate the remainder when 143 is divided by 46.
5
What is the remainder when 686 is divided by 67?
16
What is the remainder when 606 is divided by 19?
17
What is the remainder when 10878 is divided by 40?
38
Calculate the remainder when 324 is divided by 39.
12
What is the remainder when 287 is divided by 228?
59
What is the remainder when 97 is divided by 11?
9
Calculate the remainder when 141 is divided by 24.
21
What is the remainder when 353 is divided by 280?
73
What is the remainder when 578 is divided by 195?
188
What is the remainder when 431 is divided by 21?
11
What is the remainder when 993 is divided by 71?
70
What is the remainder when 4214 is divided by 57?
53
Calculate the remainder when 3563 is divided by 108.
107
Calculate the remainder when 79 is divided by 35.
9
What is the remainder when 525 is divided by 118?
53
What is the remainder when 197 is divided by 6?
5
Calculate the remainder when 942 is divided by 118.
116
Calculate the remainder when 367 is divided by 192.
175
What is the remainder when 262 is divided by 24?
22
What is the remainder when 771 is divided by 106?
29
What is the remainder when 5107 is divided by 131?
129
What is the remainder when 1328 is divided by 121?
118
What is the remainder when 253 is divided by 8?
5
Calculate the remainder when 1688 is divided by 58.
6
Calculate the remainder when 429 is divided by 136.
21
What is the remainder when 936 is divided by 163?
121
What is the remainder when 489 is divided by 14?
13
What is the remainder when 102 is divided by 48?
6
Calculate the remainder when 1308 is divided by 401.
105
What is the remainder when 25928 is divided by 67?
66
What is the remainder when 6548 is divided by 19?
12
Calculate the remainder when 4871 is divided by 28.
27
What is the remainder when 75 is divided by 40?
35
Calculate the remainder when 263 is divided by 22.
21
Calculate the remainder when 1203 is divided by 43.
42
What is the remainder when 366 is divided by 89?
10
What is the remainder when 2710 is divided by 37?
9
Calculate the remainder when 495 is divided by 3.
0
Calculate the remainder when 436 is divided by 150.
136
What is the remainder when 1844 is divided by 51?
8
What is the remainder when 355 is divided by 350?
5
What is the remainder when 263 is divided by 3?
2
What is the remainder when 700 is divided by 176?
172
Calculate the remainder when 10170 is divided by 24.
18
Calculate the remainder when 2370 is divided by 1179.
12
Calculate the remainder when 7141 is divided by 143.
134
What is the remainder when 3394 is divided by 339?
4
What is the remainder when 752 is divided by 108?
104
What is the remainder when 213 is divided by 27?
24
Calculate the remainder when 1842 is divided by 205.
202
What is the remainder when 980 is divided by 24?
20
What is the remainder when 2265 is divided by 189?
186
Calculate the remainder when 84 is divided by 29.
26
What is the remainder when 899 is divided by 22?
19
What is the remainder when 895 is divided by 126?
13
Calculate the remainder when 43 is divided by 18.
7
Calculate the remainder when 2673 is divided by 14.
13
Calculate the remainder when 146 is divided by 34.
10
What is the remainder when 12126 is divided by 3030?
6
Calculate the remainder when 503 is divided by 14.
13
Calculate the remainder when 619 is divided by 20.
19
What is the remainder when 8182 is divided by 62?
60
What is the remainder when 280 is divided by 217?
63
Calculate the remainder when 34462 is divided by 48.
46
What is the remainder when 604 is divided by 38?
34
What is the remainder when 40642 is divided by 18?
16
What is the remainder when 1231 is divided by 154?
153
Calculate the remainder when 1849 is divided by 108.
13
Calculate the remainder when 78 is divided by 51.
27
What is the remainder when 392 is divided by 139?
114
Calculate the remainder when 293 is divided by 60.
53
What is the remainder when 148 is divided by 15?
13
Calculate the remainder when 47 is divided by 30.
17
What is the remainder when 640 is divided by 629?
11
Calculate the remainder when 408 is divided by 190.
28
Calculate the remainder when 8801 is divided by 54.
53
Calculate the remainder when 365 is divided by 23.
20
Calculate the remainder when 270 is divided by 91.
88
What is the remainder when 718 is divided by 25?
18
What is the remainder when 102 is divided by 26?
24
Calculate the remainder when 93 is divided by 42.
9
What is the remainder when 39 is divided by 24?
15
Calculate the remainder when 60 is divided by 57.
3
What is the remainder when 1211 is divided by 83?
49
Calculate the remainder when 180 is divided by 78.
24
Calculate the remainder when 12682 is divided by 59.
56
What is the remainder when 10618 is divided by 41?
40
Calculate the remainder when 2420 is divided by 71.
6
What is the remainder when 232 is divided by 59?
55
What is the remainder when 205 is divided by 8?
5
What is the remainder when 11769 is divided by 27?
24
Calculate the remainder when 118 is divided by 87.
31
What is the remainder when 1099 is divided by 19?
16
What is the remainder when 62 is divided by 54?
8
What is the remainder when 174 is divided by 35?
34
Calculate the remainder when 710 is divided by 119.
115
Calculate the remainder when 208 is divided by 65.
13
Calculate the remainder when 641 is divided by 110.
91
Calculate the remainder when 725 is divided by 144.
5
What is the remainder when 2516 is divided by 140?
136
Calculate the remainder when 17 is divided by 7.
3
C